of (36 - -2)/((-5)/(-80)).
2, 19
Let a(o) = -63*o**3 + 2*o**2 - 3*o + 10. Let l be a(3). Let k = -1081 - l. List the prime factors of k.
601
Let r(o) = 3*o**3 + 16*o**2 - 42*o + 457. List the prime factors of r(13).
2, 4603
Let x(q) = -5*q - 1. Let v be x(-4). Let o = v - -89. What are the prime factors of o?
2, 3
Let q(f) = -f**3 + 19*f**2 - 20*f - 4. Let y be q(18). Let p = 42 + y. Suppose 3 = -x + p*x. List the prime factors of x.
3
Let y be -1*1 - (-14 + 11). Let z be y/4*-3*(-12)/9. Suppose -z*r + 3*s - 366 = -6*r, -3*r + 262 = -4*s. List the prime factors of r.
2, 3, 5
Let r(n) = 23*n**2 - 23*n + 263. What are the prime factors of r(15)?
11, 463
Let w = 175 + -112. Suppose w*p - 67*p + 376 = 0. What are the prime factors of p?
2, 47
Suppose q - 42 = -5*s, 0*q + 5*q = 10. Suppose 4*f + 5*v = 25, -3*v - 25 = f - s*v. Suppose y - 3*y + 42 = -2*j, f = 2*j + 4. What are the prime factors of y?
19
Let v = 22914 - 9655. List the prime factors of v.
13259
Suppose 9*r = 10*r - 1002. Suppose -2*q + 5*x + r = 0, 2*q - 842 - 196 = -4*x. List the prime factors of q.
7, 73
Suppose -3008 = -6*g - 10*g. Suppose 1244 = 4*p - g. What are the prime factors of p?
2, 179
Let b = -24902 + 40805. What are the prime factors of b?
3, 19, 31
Let c = 82 - 66. Let w = 28 - c. Let i(a) = -a**2 + 14*a + 11. What are the prime factors of i(w)?
5, 7
Let h be 65 - 2/(1*-2). Let u be (-7 + (-27)/(-6))*22. What are the prime factors of 125/(-2)*h/u?
3, 5
Let x(b) = 2*b**2 - b - 724. Let z be x(0). Let y = -391 - z. Suppose 0 = -2*p + 2*a - 5*a + y, 3*a = -4*p + 675. List the prime factors of p.
3, 19
Let b = -55198 - -80095. List the prime factors of b.
3, 43, 193
Suppose 0 = -5*n - 4*o + o + 23737, 0 = -5*n + 4*o + 23709. Suppose 0 = 10*b + 3*b - n. What are the prime factors of b?
5, 73
Let l be (-6)/4 + 113/2. Let u be 4/(-22) + 175/l. Let k(g) = 7*g**2 - 5*g - 6. List the prime factors of k(u).
2, 3, 7
Let w be (2 - 6)*(-42)/(-8). Suppose 27*p + 36 = 28*p. Let f = p + w. What are the prime factors of f?
3, 5
Suppose -98 = 2*c - 38. Let y be ((-93)/(-2))/(-3) + c/60. List the prime factors of ((-45)/(-20))/(((-15)/y)/5).
2, 3
Suppose -298*b - 2320 = -303*b. What are the prime factors of b?
2, 29
Let r(j) = 30*j - 9. Let a be ((-1)/2)/((-17)/102). Suppose 15 = a*w + 6. List the prime factors of r(w).
3
Let v = 88 + -39. Let p be (-8)/24 + (-2)/(-6). Suppose 6*h - v - 425 = p. List the prime factors of h.
79
Let w(n) = -15*n**3 + 4*n**2 - 5*n - 40. Let j be w(-5). Let c = j + -1342. List the prime factors of c.
2, 3, 103
Suppose 4*z - 974 = 730. Suppose 12*l + z = 15*l. List the prime factors of l.
2, 71
Let s = -102 - -107. List the prime factors of ((107 + s)/7)/(2/101).
2, 101
Let g(b) = -b**3 - 2*b**2 - 2*b + 11. Let l be g(0). Suppose 1470 = -4*t + l*t. List the prime factors of t.
2, 3, 5, 7
Suppose 15*s - 12*s = -r + 12, -5*r - 4*s = -71. Let t(x) = -x**2 + 45*x - 119. What are the prime factors of t(r)?
331
Suppose 273568 = 19*s + 107546. List the prime factors of s.
2, 17, 257
Let j(z) = z**3 + z**2 + z + 75. Suppose -3*q + 40 = -47. Let p be (q + -29)/(3 - (2 + -1)). List the prime factors of j(p).
3, 5
Let v(h) be the first derivative of 3*h**2 + 228*h + 169. List the prime factors of v(36).
2, 3, 37
List the prime factors of (20/(-2))/((-3743)/13684 - 48/(-176)).
2, 5, 311
Suppose -d + 5*o + 10 = 4*d, -10 = -4*d + 3*o. Let n be -4 - d/(-1) - 66. List the prime factors of n/44*(-178)/3.
89
Let y(l) = -2*l - 13. Let a = 12 - 16. Let h be y(a). Let t(x) = 8*x**2 + 10*x - 10. What are the prime factors of t(h)?
2, 5, 7
Let f(r) = r**2 + 6*r + 4. Let b be f(-6). Suppose b*i - 192 = 3*i. Suppose -x - 3*x + i = 0. List the prime factors of x.
2, 3
Suppose -2*v + 20 = 4*p - 0*v, -3*p = v - 14. Suppose p*a - 2*h - 256 = -0*a, 2 = h. List the prime factors of a.
5, 13
Let r(i) = 4*i**3 - 56*i**2 + 18*i + 113. List the prime factors of r(21).
37, 347
Suppose -47 = -2*b + 51. Suppose 4*z - 11*z = -b. What are the prime factors of (-2)/z - 8340/(-84)?
3, 11
Let q(k) = 47*k - 50. Let l be q(-10). List the prime factors of l/(-15) + 4/12.
5, 7
Let g(x) = 5447*x - 1660. What are the prime factors of g(2)?
2, 3, 19
Suppose 26*d - 24*d - 34 = 0. Suppose 0 = g - d + 15. List the prime factors of g/(-5)*-1 + (-552)/(-20).
2, 7
Suppose 3*h - 27*w + 87 = -31*w, -2*w - 29 = h. Let p(m) = -6*m + 239. What are the prime factors of p(h)?
7, 59
Suppose 5276 - 511580 = -72*v. What are the prime factors of v?
2, 3, 293
What are the prime factors of (-1 - -2)/(-1 - (-4 - (-213710)/71239))?
10177
Let z = 3305 + -596. What are the prime factors of z?
3, 7, 43
Let g(j) = 373*j**2 - 20*j - 179. List the prime factors of g(-7).
2, 11, 829
Let q(l) = 1555*l - 392. List the prime factors of q(17).
3, 8681
Suppose 4*t - 350 + 16 = -2*p, 4*t - p = 325. Suppose -t*j + 15136 = -60*j. What are the prime factors of j?
2, 43
Let b = -2755 + 1371. Let l = -629 - b. List the prime factors of l.
5, 151
What are the prime factors of (-8)/(-10)*(-13865)/(-2)?
2, 47, 59
Suppose -4*l - l + u - 23 = 0, 5*u + 30 = -4*l. What are the prime factors of (1789/l)/((-91)/455)?
1789
Suppose -2*k = 2*z + z - 14545, -4*z = 5*k - 19398. List the prime factors of z.
37, 131
Suppose -g - 2*n = 11 - 12, 7 = -3*g - n. List the prime factors of (-2192)/(-5) - (12/(-10))/g.
2, 3, 73
Let m(r) = r**2 + 32*r + 80. What are the prime factors of m(-39)?
353
Let o(t) = 53*t + 440. What are the prime factors of o(21)?
1553
Let k be 9/4 - (-24)/32. Suppose -z - 2*u - 775 = -6*z, 172 = z + k*u. What are the prime factors of z?
157
Suppose -22*h - 904 = -24*h. List the prime factors of (-15)/10*h/(-6).
113
Let x = -5 + 40. Suppose -2*q + 2*z = z - 81, -5*z + x = q. List the prime factors of (-1*40)/1*q/(-50).
2
Suppose -t - 5*b - 1 = 0, 0*b = -t - 4*b. Suppose -t*p - 611 = -2891. List the prime factors of p.
2, 3, 5, 19
What are the prime factors of -2 + ((-1535)/10)/((-5)/260)?
2, 3, 5, 7, 19
What are the prime factors of (-1043392)/2720*(-283)/2 - 2/5?
3, 37, 163
Let q be (2 - (-10)/(-4))*(-3 + -649). Let s = q - 484. Let c = -87 - s. List the prime factors of c.
71
Suppose -3*k + 5108 = 4*n, 50*n - 54*n - 2*k + 5112 = 0. What are the prime factors of n?
2, 5
Let u(a) = 13*a**2 - 5*a - 4. Let n be u(-1). List the prime factors of (-24)/42 + 2122/n.
151
Let t = 72 - 66. Let p be 5/(-10)*(1 - -7) + t. Suppose 4*a = -3*f + 1014, -319 = -p*a + 4*f + 199. List the prime factors of a.
3, 5, 17
Suppose 0*z - 10*z = -7*z. Suppose z = -10*m - 26 + 106. Suppose -5*a - 147 = -m*a. List the prime factors of a.
7
Suppose 114*o - 570 = 113*o. Suppose 0 = 9*q - o - 159. What are the prime factors of q?
3
What are the prime factors of 5964/9*(-1248)/(-182)?
2, 71
Suppose 3*s - 2*s - 45 = -k, 4*k = -3*s + 140. What are the prime factors of 1960/9 - s/(-180)?
2, 109
Suppose -5*v + 13475 = 5*m, -10760 = 5*m - 9*m + v. What are the prime factors of m?
3, 13, 23
Suppose 0 = -2*k - x + 19054, 19255 = -4*k - 3*x + 57359. What are the prime factors of k?
13, 733
Let b = -1646 - -2341. Let p = b + -309. What are the prime factors of p?
2, 193
Let x(b) = -348*b - 623. List the prime factors of x(-16).
5, 23, 43
Suppose 6940 = 5*g + 5*h, 6*g + 2*h = 9*g - 4159. Let c = 1953 - g. List the prime factors of c.
2, 283
Suppose 2*h - 48829 + 10575 = 2*o, 4*o = h - 19136. What are the prime factors of h?
2, 7, 683
Let i(v) = -5*v**2 + 3*v - 6. Let w(c) = -c - 1. Let p(d) = -3*i(d) - 15*w(d). List the prime factors of p(-4).
3, 83
Let k(m) = -8*m**2 - 16 + 8*m**3 - 9*m**3 + 46 + 2*m**2 + 23*m. List the prime factors of k(-10).
2, 5
Suppose 3*z - 118 = -f + 30, 3*f = -z + 428. Let l(u) = 50*u + 1. Let y be l(5). Let w = y - f. List the prime factors of w.
109
Suppose 9*n - 7*n = -3*o + 17618, 29364 = 5*o + 3*n. What are the prime factors of o/15 - (-6)/15?
2, 7
Suppose 7*d - 2*d = 10, 5*d = -3*a + 20116. What are the prime factors of a?
2, 3, 1117
Let c(y) = 96*y - 44. Let n(x) = -24*x + 11. Let d(i) = -2*c(i) - 9*n(i). Suppose -105*v = 6*v - 777. List the prime factors of d(v).
157
Let q = -12857 - -30536. What are the prime factors of q/27 + 6/27?
5, 131
Let h(t) be the third derivative of 3/8*t**4 + 0*t + 1/2*t**3 + 1/30*t**5 + 0 - 23*t**2. What are the prime fa